{"id":106,"date":"2017-02-03T18:47:41","date_gmt":"2017-02-03T17:47:41","guid":{"rendered":"http:\/\/asso-riposte.fr\/?page_id=106"},"modified":"2022-10-25T11:57:55","modified_gmt":"2022-10-25T09:57:55","slug":"nos-partenaires","status":"publish","type":"page","link":"https:\/\/asso-riposte.fr\/index.php\/nos-partenaires\/","title":{"rendered":"Nos partenaires"},"content":{"rendered":"<h2 style=\"text-align: center;\"><img loading=\"lazy\" decoding=\"async\" class=\"alignnone wp-image-296\" src=\"http:\/\/asso-riposte.fr\/wp-content\/uploads\/2017\/11\/dans-le-Gard.jpg\" alt=\"\" width=\"231\" height=\"285\" \/><\/h2>\n<h2 style=\"text-align: center;\">La Pr\u00e9fecture du GARD<\/h2>\n<h2 style=\"text-align: center;\"><a href=\"http:\/\/asso-riposte.fr\/wp-content\/uploads\/2022\/10\/agence-regionale-de-sante-occitanie-logo-vector.png\"><img loading=\"lazy\" decoding=\"async\" class=\"alignnone wp-image-845 size-medium\" src=\"http:\/\/asso-riposte.fr\/wp-content\/uploads\/2022\/10\/agence-regionale-de-sante-occitanie-logo-vector-300x167.png\" alt=\"\" width=\"300\" height=\"167\" srcset=\"https:\/\/asso-riposte.fr\/wp-content\/uploads\/2022\/10\/agence-regionale-de-sante-occitanie-logo-vector-300x167.png 300w, https:\/\/asso-riposte.fr\/wp-content\/uploads\/2022\/10\/agence-regionale-de-sante-occitanie-logo-vector-768x427.png 768w, https:\/\/asso-riposte.fr\/wp-content\/uploads\/2022\/10\/agence-regionale-de-sante-occitanie-logo-vector.png 900w\" sizes=\"auto, (max-width: 300px) 100vw, 300px\" \/><\/a><\/h2>\n<h2 style=\"text-align: center;\">L&rsquo;Agence R\u00e9gionale de Sant\u00e9<\/h2>\n<h2 style=\"text-align: center;\"><a href=\"http:\/\/asso-riposte.fr\/wp-content\/uploads\/2022\/10\/d-d-c-s-du-gard__p712s5.png\"><img loading=\"lazy\" decoding=\"async\" class=\"alignnone wp-image-847 size-medium\" src=\"http:\/\/asso-riposte.fr\/wp-content\/uploads\/2022\/10\/d-d-c-s-du-gard__p712s5-270x300.png\" alt=\"\" width=\"270\" height=\"300\" srcset=\"https:\/\/asso-riposte.fr\/wp-content\/uploads\/2022\/10\/d-d-c-s-du-gard__p712s5-270x300.png 270w, https:\/\/asso-riposte.fr\/wp-content\/uploads\/2022\/10\/d-d-c-s-du-gard__p712s5.png 313w\" sizes=\"auto, (max-width: 270px) 100vw, 270px\" \/><\/a><b><\/b><i><\/i><u><\/u><\/h2>\n<h2 style=\"text-align: center;\">La Direction D\u00e9partement de la Coh\u00e9sion Sociale<\/h2>\n<h2 style=\"text-align: center;\"><\/h2>\n<h2 style=\"text-align: center;\"><\/h2>\n<h2 style=\"text-align: center;\"><img loading=\"lazy\" decoding=\"async\" class=\"alignnone size-medium wp-image-307\" src=\"http:\/\/asso-riposte.fr\/wp-content\/uploads\/2017\/11\/oc-1706-instit-logo_carre-quadri-150x150-72dpi-300x300.png\" alt=\"\" width=\"300\" height=\"300\" srcset=\"https:\/\/asso-riposte.fr\/wp-content\/uploads\/2017\/11\/oc-1706-instit-logo_carre-quadri-150x150-72dpi-300x300.png 300w, https:\/\/asso-riposte.fr\/wp-content\/uploads\/2017\/11\/oc-1706-instit-logo_carre-quadri-150x150-72dpi-150x150.png 150w, https:\/\/asso-riposte.fr\/wp-content\/uploads\/2017\/11\/oc-1706-instit-logo_carre-quadri-150x150-72dpi-100x100.png 100w, https:\/\/asso-riposte.fr\/wp-content\/uploads\/2017\/11\/oc-1706-instit-logo_carre-quadri-150x150-72dpi.png 426w\" sizes=\"auto, (max-width: 300px) 100vw, 300px\" \/><\/h2>\n<h2 style=\"text-align: center;\">La R\u00e9gion Occitanie<\/h2>\n<h2 style=\"text-align: center;\"><a href=\"http:\/\/asso-riposte.fr\/wp-content\/uploads\/2022\/10\/Logo_Departement_Gard_-_2021.svg_.png\"><img loading=\"lazy\" decoding=\"async\" class=\"alignnone wp-image-844 size-medium\" src=\"http:\/\/asso-riposte.fr\/wp-content\/uploads\/2022\/10\/Logo_Departement_Gard_-_2021.svg_-300x300.png\" alt=\"\" width=\"300\" height=\"300\" srcset=\"https:\/\/asso-riposte.fr\/wp-content\/uploads\/2022\/10\/Logo_Departement_Gard_-_2021.svg_-300x300.png 300w, https:\/\/asso-riposte.fr\/wp-content\/uploads\/2022\/10\/Logo_Departement_Gard_-_2021.svg_-1024x1024.png 1024w, https:\/\/asso-riposte.fr\/wp-content\/uploads\/2022\/10\/Logo_Departement_Gard_-_2021.svg_-150x150.png 150w, https:\/\/asso-riposte.fr\/wp-content\/uploads\/2022\/10\/Logo_Departement_Gard_-_2021.svg_-768x768.png 768w, https:\/\/asso-riposte.fr\/wp-content\/uploads\/2022\/10\/Logo_Departement_Gard_-_2021.svg_-100x100.png 100w, https:\/\/asso-riposte.fr\/wp-content\/uploads\/2022\/10\/Logo_Departement_Gard_-_2021.svg_.png 1200w\" sizes=\"auto, (max-width: 300px) 100vw, 300px\" \/><\/a><\/h2>\n<h2 style=\"text-align: center;\">Le D\u00e9partement du Gard<\/h2>\n<h2 style=\"text-align: center;\"><\/h2>\n<h2 style=\"text-align: center;\"><img loading=\"lazy\" decoding=\"async\" class=\"size-medium wp-image-240 aligncenter\" src=\"http:\/\/asso-riposte.fr\/wp-content\/uploads\/2017\/02\/LOGO_AGGLO_GARD_RHODANIEN_MOYENNE_DEF_2138-300x187.png\" alt=\"\" width=\"300\" height=\"187\" srcset=\"https:\/\/asso-riposte.fr\/wp-content\/uploads\/2017\/02\/LOGO_AGGLO_GARD_RHODANIEN_MOYENNE_DEF_2138-300x187.png 300w, https:\/\/asso-riposte.fr\/wp-content\/uploads\/2017\/02\/LOGO_AGGLO_GARD_RHODANIEN_MOYENNE_DEF_2138.png 378w\" sizes=\"auto, (max-width: 300px) 100vw, 300px\" \/><b><\/b><i><\/i><u><\/u><\/h2>\n<h2 style=\"text-align: center;\">La Communaut\u00e9 d&rsquo;Agglom\u00e9ration GARD RHODANIEN<\/h2>\n<h2 style=\"text-align: center;\"><img loading=\"lazy\" decoding=\"async\" class=\"alignnone size-full wp-image-299\" src=\"http:\/\/asso-riposte.fr\/wp-content\/uploads\/2017\/11\/bagnols-sur-ceze.png\" alt=\"\" width=\"221\" height=\"221\" srcset=\"https:\/\/asso-riposte.fr\/wp-content\/uploads\/2017\/11\/bagnols-sur-ceze.png 221w, https:\/\/asso-riposte.fr\/wp-content\/uploads\/2017\/11\/bagnols-sur-ceze-150x150.png 150w, https:\/\/asso-riposte.fr\/wp-content\/uploads\/2017\/11\/bagnols-sur-ceze-100x100.png 100w\" sizes=\"auto, (max-width: 221px) 100vw, 221px\" \/><\/h2>\n<h2 style=\"text-align: center;\">La Ville de Bagnols-sur-C\u00e8ze<\/h2>\n<h2 style=\"text-align: center;\"><img loading=\"lazy\" decoding=\"async\" class=\"alignnone size-full wp-image-298\" src=\"http:\/\/asso-riposte.fr\/wp-content\/uploads\/2017\/11\/pont-saint-esprit.png\" alt=\"\" width=\"250\" height=\"250\" srcset=\"https:\/\/asso-riposte.fr\/wp-content\/uploads\/2017\/11\/pont-saint-esprit.png 250w, https:\/\/asso-riposte.fr\/wp-content\/uploads\/2017\/11\/pont-saint-esprit-150x150.png 150w, https:\/\/asso-riposte.fr\/wp-content\/uploads\/2017\/11\/pont-saint-esprit-100x100.png 100w\" sizes=\"auto, (max-width: 250px) 100vw, 250px\" \/><\/h2>\n<h2 style=\"text-align: center;\">La ville de Pont Saint Esprit<\/h2>\n<h2 style=\"text-align: center;\"><\/h2>\n<p><a title=\"Visiter le site de la mairie de Bagnols sur C\u00e8ze\" href=\"http:\/\/www.bagnolssurceze.fr\/\" target=\"_blank\" rel=\"noopener noreferrer\"><b><i><u><sub><sup><span style=\"text-decoration: line-through;\"><br \/>\n<\/span><\/sup><\/sub><\/u><\/i><\/b><br \/>\n<\/a><\/p>\n<h2 style=\"text-align: center;\"><b>\u00a0<\/b><\/h2>\n","protected":false},"excerpt":{"rendered":"<p>La Pr\u00e9fecture du GARD L&rsquo;Agence R\u00e9gionale de Sant\u00e9 La Direction D\u00e9partement de la Coh\u00e9sion Sociale La R\u00e9gion Occitanie Le D\u00e9partement du Gard La Communaut\u00e9 d&rsquo;Agglom\u00e9ration GARD RHODANIEN La Ville de Bagnols-sur-C\u00e8ze La ville de Pont Saint Esprit \u00a0<\/p>\n","protected":false},"author":1,"featured_media":0,"parent":0,"menu_order":0,"comment_status":"closed","ping_status":"closed","template":"","meta":{"footnotes":""},"class_list":["post-106","page","type-page","status-publish","hentry"],"_links":{"self":[{"href":"https:\/\/asso-riposte.fr\/index.php\/wp-json\/wp\/v2\/pages\/106","targetHints":{"allow":["GET"]}}],"collection":[{"href":"https:\/\/asso-riposte.fr\/index.php\/wp-json\/wp\/v2\/pages"}],"about":[{"href":"https:\/\/asso-riposte.fr\/index.php\/wp-json\/wp\/v2\/types\/page"}],"author":[{"embeddable":true,"href":"https:\/\/asso-riposte.fr\/index.php\/wp-json\/wp\/v2\/users\/1"}],"replies":[{"embeddable":true,"href":"https:\/\/asso-riposte.fr\/index.php\/wp-json\/wp\/v2\/comments?post=106"}],"version-history":[{"count":18,"href":"https:\/\/asso-riposte.fr\/index.php\/wp-json\/wp\/v2\/pages\/106\/revisions"}],"predecessor-version":[{"id":851,"href":"https:\/\/asso-riposte.fr\/index.php\/wp-json\/wp\/v2\/pages\/106\/revisions\/851"}],"wp:attachment":[{"href":"https:\/\/asso-riposte.fr\/index.php\/wp-json\/wp\/v2\/media?parent=106"}],"curies":[{"name":"wp","href":"https:\/\/api.w.org\/{rel}","templated":true}]}}