{"id":36,"date":"2017-02-03T18:09:23","date_gmt":"2017-02-03T17:09:23","guid":{"rendered":"http:\/\/asso-riposte.fr\/?page_id=36"},"modified":"2017-11-14T19:37:47","modified_gmt":"2017-11-14T18:37:47","slug":"son-histoire","status":"publish","type":"page","link":"https:\/\/asso-riposte.fr\/index.php\/association\/son-histoire\/","title":{"rendered":"Son histoire"},"content":{"rendered":"<p><strong>L\u2019association Riposte a \u0153uvr\u00e9 d\u00e8s sa cr\u00e9ation en 1995<\/strong> <strong>\u00e0 participer \u00e0 la r\u00e9duction des risques envers les usagers de drogues.<\/strong><\/p>\n<p><img loading=\"lazy\" decoding=\"async\" class=\" wp-image-133 alignleft\" src=\"http:\/\/asso-riposte.fr\/wp-content\/uploads\/2017\/02\/social-200288_640-211x300.jpg\" alt=\"\" width=\"227\" height=\"323\" srcset=\"https:\/\/asso-riposte.fr\/wp-content\/uploads\/2017\/02\/social-200288_640-211x300.jpg 211w, https:\/\/asso-riposte.fr\/wp-content\/uploads\/2017\/02\/social-200288_640.jpg 313w\" sizes=\"auto, (max-width: 227px) 100vw, 227px\" \/><strong>Constitu\u00e9e en r\u00e9seau<\/strong>, elle est n\u00e9e \u00e0 l\u2019initiative de m\u00e9decins g\u00e9n\u00e9ralistes confront\u00e9s \u00e0 un public toxicomane par le biais des prescriptions de traitements de substitution. L\u2019association a rassembl\u00e9 divers professionnels du champ du m\u00e9dico-social afin d\u2019\u00eatre au plus pr\u00e8s de la demande des usagers et de pouvoir r\u00e9pondre aux besoins de ceux-ci. <strong>Il s\u2019agissait d\u00e8s lors de pouvoir accueillir les usagers de drogues, sur un lieu non m\u00e9dicalis\u00e9, et leur proposer un accompagnement pluridisciplinaire<\/strong>.<\/p>\n<p>Pour cela, <strong>Riposte a ouvert un lieu d\u2019accueil<\/strong>, mis du personnel \u00e9ducatif \u00e0 disposition et s\u2019est entour\u00e9e d\u2019un <strong>partenariat important en mutualisant les moyens inter-institutionnels<\/strong>. Ceci a eu pour effet de<strong> redynamiser chacune de ces institutions<\/strong> envers <strong>un public toxicomane<\/strong>, encore d\u00e9cri\u00e9 dans les ann\u00e9es 90, <strong>de cr\u00e9er du lien<\/strong> entre les divers professionnels et d<strong>e favoriser des passerelles<\/strong> jusque-l\u00e0 inexistantes.<\/p>\n<p><strong>Un travail sur les repr\u00e9sentations de la toxicomanie a \u00e9t\u00e9 men\u00e9<\/strong> avec l\u2019ensemble des professionnels, en lien avec ce public, afin d\u2019en faciliter l\u2019int\u00e9gration dans le syst\u00e8me de soins.<\/p>\n<p><strong>Ce lieu<\/strong> \u00e9tait alors marqu\u00e9, d\u2019une part, comme <strong>lieu d\u2019\u00e9coute<\/strong> pouvant accompagner vers les <strong>soins<\/strong> et d\u2019autre part, comme lieu d\u2019acc\u00e8s \u00e0 la<strong> r\u00e9duction des risques<\/strong> pour les usagers de drogues. En 1998, de nombreux toxicomanes souffraient encore de maladies infectieuses qui faisaient des ravages par l\u2019absence de traitements et par l\u2019insuffisance des actions de pr\u00e9vention. Les virus du VIH, mais aussi des h\u00e9patites B et C s\u2019\u00e9taient propag\u00e9s parmi ce public du fait des \u00e9changes de mat\u00e9riel d\u2019injection et de sniff, ainsi que par les rapports sexuels non prot\u00e9g\u00e9s.<\/p>\n<p>Envers les usagers de substances psycho-actives, il s\u2019agissait d\u00e8s lors, si on avait <strong>l\u2019ambition de les accompagner vers des soins<\/strong>, de leur permettre d\u2019y acc\u00e9der et dans le m\u00eame temps, de les <strong>pr\u00e9munir de leurs pratiques \u00e0 risques<\/strong>. Notre projet initial \u00e9tait de <strong>prendre soin<\/strong> des usagers de drogues et, si possible, de <strong>permettre des soins<\/strong>, partant du postulat qu\u2019en prenant soin des personnes accueillies, elles pourraient peut-\u00eatre, <strong>soigner leur rapport au monde<\/strong>.<\/p>\n<p>Du fait de la taille relativement restreinte de notre bassin de vie, et de l\u2019incidence tout aussi marqu\u00e9e que dans des bassins urbains plus importants des probl\u00e9matiques li\u00e9es \u00e0 l\u2019usage de drogue ou d\u2019alcool, <strong>notre association s\u2019est naturellement tourn\u00e9e vers un accueil mixte<\/strong>, pouvant englober les poly-toxicomanies.<\/p>\n<p>A l\u2019heure o\u00f9 se posait la question des possibilit\u00e9s d\u2019associer sur un m\u00eame lieu ces diff\u00e9rents publics, nous y avons r\u00e9pondu.<\/p>\n<p>Nous pensons avoir par l\u00e0 m\u00eame, prouver l\u2019importance de l\u2019accueil et de l\u2019accompagnement. <strong>Nous sommes intimement persuad\u00e9s que tout doit commencer par l\u2019accueil, le prendre soin et la limitation des risques<\/strong>. La suite, l\u2019accompagnement vers les soins, viendra.<br \/>\nA nous de nous doter des comp\u00e9tences n\u00e9cessaires \u00e0 l\u2019accompagnement sp\u00e9cifique ou \u00e0 <strong>orienter,<\/strong> le moment venu, <strong>vers les lieux de soin<\/strong> les plus adapt\u00e9s.<\/p>\n<p><strong>Depuis 2007<\/strong>, avec <strong>la cr\u00e9ation de l&rsquo;accueil polyvalent<\/strong> (gr\u00e2ce au Conseil D\u00e9partemental) et <strong>des appartements de transition<\/strong>, l\u2019association a permis l\u2019acc\u00e8s \u00e0 un public plus large, suite au constat que <strong>les personnes en situation de grande exclusion <\/strong>sont souvent consommatrices de nombreux produits.<\/p>\n<p>Se croisaient donc, sur le lieu d\u2019accueil, des personnes ayant des probl\u00e8mes d\u2019addiction, ainsi\u00a0 que des personnes en grande pr\u00e9carit\u00e9, elles-m\u00eames, le plus souvent en difficult\u00e9 avec des consommations importantes d\u2019alcool ou de drogues ou m\u00eame souvent des deux.<\/p>\n<p>Il s\u2019agissait donc, pour une partie de notre activit\u00e9, d\u2019un <strong>accueil de type bas seuil, propice de fait aux actions de r\u00e9duction des risques<\/strong>.<\/p>\n<p><strong>En 2009<\/strong>, \u00e0 la demande du Conseil D\u00e9partemental, l&rsquo;association \u00e0 <strong>mise en \u0153uvre un Service de Pr\u00e9vention Sp\u00e9cialis\u00e9e.\u00a0 <\/strong>. Concomitamment, une <strong>Pension de Famille<\/strong> a \u00e9t\u00e9 cr\u00e9\u00e9e.<\/p>\n<p><strong>En 2013<\/strong>, l\u2019association a obtenu <strong>l\u2019habilitation CAARUD<\/strong>. Cette habilitation\u00a0 n\u00e9cessite une r\u00e9orientation de l\u2019action permettant de r\u00e9pondre aux missions du CAARUD et de maintenir un accueil polyvalent pour les personnes en pr\u00e9carit\u00e9 mais n\u2019entrant pas dans les publics sp\u00e9cifiques \u00e0 ce nouvel \u00e9tablissement. <strong>Fin 2015<\/strong>, le CAARUD a \u00e9tendu son action sur le GARD RHODANIEN et est devenu<strong> CAARUD Mobile<\/strong>.<\/p>\n<p>L\u2019association a \u00e9t\u00e9 habilit\u00e9e le <strong>8 septembre 2015 comme Accueil de Jour et Service d\u2019Accueil, d\u2019Orientation et d\u2019Accompagnement (SAOA)<\/strong> par la Direction D\u00e9partementale de la Coh\u00e9sion Sociale.<\/p>\n<p><strong>En fin 2016<\/strong>, l\u2019association a mis en \u0153uvre un <strong>dispositif d\u2019h\u00e9bergement d\u2019urgence des personnes victimes de violence intrafamiliale<\/strong>.<\/p>\n<p><strong>En 2017<\/strong>, l\u2019association a \u00e9t\u00e9 habilit\u00e9e pour g\u00e9rer un dispositif <strong>d\u2019Interm\u00e9diation Locative sur le territoire<\/strong> du Gard Rhodanien.<\/p>\n<p>&nbsp;<\/p>\n","protected":false},"excerpt":{"rendered":"<p>L\u2019association Riposte a \u0153uvr\u00e9 d\u00e8s sa cr\u00e9ation en 1995 \u00e0 participer \u00e0 la r\u00e9duction des risques envers les usagers de drogues. Constitu\u00e9e en r\u00e9seau, elle est n\u00e9e \u00e0 l\u2019initiative de m\u00e9decins g\u00e9n\u00e9ralistes confront\u00e9s \u00e0 un public toxicomane par le biais des prescriptions de traitements de substitution. L\u2019association a rassembl\u00e9 divers professionnels du champ du m\u00e9dico-social &hellip; <\/p>\n<p class=\"link-more\"><a href=\"https:\/\/asso-riposte.fr\/index.php\/association\/son-histoire\/\" class=\"more-link\">Continuer la lecture<span class=\"screen-reader-text\"> de &laquo;&nbsp;Son histoire&nbsp;&raquo;<\/span><\/a><\/p>\n","protected":false},"author":1,"featured_media":0,"parent":33,"menu_order":0,"comment_status":"closed","ping_status":"closed","template":"","meta":{"footnotes":""},"class_list":["post-36","page","type-page","status-publish","hentry"],"_links":{"self":[{"href":"https:\/\/asso-riposte.fr\/index.php\/wp-json\/wp\/v2\/pages\/36","targetHints":{"allow":["GET"]}}],"collection":[{"href":"https:\/\/asso-riposte.fr\/index.php\/wp-json\/wp\/v2\/pages"}],"about":[{"href":"https:\/\/asso-riposte.fr\/index.php\/wp-json\/wp\/v2\/types\/page"}],"author":[{"embeddable":true,"href":"https:\/\/asso-riposte.fr\/index.php\/wp-json\/wp\/v2\/users\/1"}],"replies":[{"embeddable":true,"href":"https:\/\/asso-riposte.fr\/index.php\/wp-json\/wp\/v2\/comments?post=36"}],"version-history":[{"count":12,"href":"https:\/\/asso-riposte.fr\/index.php\/wp-json\/wp\/v2\/pages\/36\/revisions"}],"predecessor-version":[{"id":346,"href":"https:\/\/asso-riposte.fr\/index.php\/wp-json\/wp\/v2\/pages\/36\/revisions\/346"}],"up":[{"embeddable":true,"href":"https:\/\/asso-riposte.fr\/index.php\/wp-json\/wp\/v2\/pages\/33"}],"wp:attachment":[{"href":"https:\/\/asso-riposte.fr\/index.php\/wp-json\/wp\/v2\/media?parent=36"}],"curies":[{"name":"wp","href":"https:\/\/api.w.org\/{rel}","templated":true}]}}

<p><strong>L’association Riposte a œuvré dès sa création en 1995</strong> <strong>à participer à la réduction des risques envers les usagers de drogues.</strong></p>
<p><img loading="lazy" decoding="async" class=" wp-image-133 alignleft" src="http://asso-riposte.fr/wp-content/uploads/2017/02/social-200288_640-211x300.jpg" alt="" width="227" height="323" srcset="https://asso-riposte.fr/wp-content/uploads/2017/02/social-200288_640-211x300.jpg 211w, https://asso-riposte.fr/wp-content/uploads/2017/02/social-200288_640.jpg 313w" sizes="auto, (max-width: 227px) 100vw, 227px" /><strong>Constituée en réseau</strong>, elle est née à l’initiative de médecins généralistes confrontés à un public toxicomane par le biais des prescriptions de traitements de substitution. L’association a rassemblé divers professionnels du champ du médico-social afin d’être au plus près de la demande des usagers et de pouvoir répondre aux besoins de ceux-ci. <strong>Il s’agissait dès lors de pouvoir accueillir les usagers de drogues, sur un lieu non médicalisé, et leur proposer un accompagnement pluridisciplinaire</strong>.</p>
<p>Pour cela, <strong>Riposte a ouvert un lieu d’accueil</strong>, mis du personnel éducatif à disposition et s’est entourée d’un <strong>partenariat important en mutualisant les moyens inter-institutionnels</strong>. Ceci a eu pour effet de<strong> redynamiser chacune de ces institutions</strong> envers <strong>un public toxicomane</strong>, encore décrié dans les années 90, <strong>de créer du lien</strong> entre les divers professionnels et d<strong>e favoriser des passerelles</strong> jusque-là inexistantes.</p>
<p><strong>Un travail sur les représentations de la toxicomanie a été mené</strong> avec l’ensemble des professionnels, en lien avec ce public, afin d’en faciliter l’intégration dans le système de soins.</p>
<p><strong>Ce lieu</strong> était alors marqué, d’une part, comme <strong>lieu d’écoute</strong> pouvant accompagner vers les <strong>soins</strong> et d’autre part, comme lieu d’accès à la<strong> réduction des risques</strong> pour les usagers de drogues. En 1998, de nombreux toxicomanes souffraient encore de maladies infectieuses qui faisaient des ravages par l’absence de traitements et par l’insuffisance des actions de prévention. Les virus du VIH, mais aussi des hépatites B et C s’étaient propagés parmi ce public du fait des échanges de matériel d’injection et de sniff, ainsi que par les rapports sexuels non protégés.</p>
<p>Envers les usagers de substances psycho-actives, il s’agissait dès lors, si on avait <strong>l’ambition de les accompagner vers des soins</strong>, de leur permettre d’y accéder et dans le même temps, de les <strong>prémunir de leurs pratiques à risques</strong>. Notre projet initial était de <strong>prendre soin</strong> des usagers de drogues et, si possible, de <strong>permettre des soins</strong>, partant du postulat qu’en prenant soin des personnes accueillies, elles pourraient peut-être, <strong>soigner leur rapport au monde</strong>.</p>
<p>Du fait de la taille relativement restreinte de notre bassin de vie, et de l’incidence tout aussi marquée que dans des bassins urbains plus importants des problématiques liées à l’usage de drogue ou d’alcool, <strong>notre association s’est naturellement tournée vers un accueil mixte</strong>, pouvant englober les poly-toxicomanies.</p>
<p>A l’heure où se posait la question des possibilités d’associer sur un même lieu ces différents publics, nous y avons répondu.</p>
<p>Nous pensons avoir par là même, prouver l’importance de l’accueil et de l’accompagnement. <strong>Nous sommes intimement persuadés que tout doit commencer par l’accueil, le prendre soin et la limitation des risques</strong>. La suite, l’accompagnement vers les soins, viendra.<br />
A nous de nous doter des compétences nécessaires à l’accompagnement spécifique ou à <strong>orienter,</strong> le moment venu, <strong>vers les lieux de soin</strong> les plus adaptés.</p>
<p><strong>Depuis 2007</strong>, avec <strong>la création de l&rsquo;accueil polyvalent</strong> (grâce au Conseil Départemental) et <strong>des appartements de transition</strong>, l’association a permis l’accès à un public plus large, suite au constat que <strong>les personnes en situation de grande exclusion </strong>sont souvent consommatrices de nombreux produits.</p>
<p>Se croisaient donc, sur le lieu d’accueil, des personnes ayant des problèmes d’addiction, ainsi  que des personnes en grande précarité, elles-mêmes, le plus souvent en difficulté avec des consommations importantes d’alcool ou de drogues ou même souvent des deux.</p>
<p>Il s’agissait donc, pour une partie de notre activité, d’un <strong>accueil de type bas seuil, propice de fait aux actions de réduction des risques</strong>.</p>
<p><strong>En 2009</strong>, à la demande du Conseil Départemental, l&rsquo;association à <strong>mise en œuvre un Service de Prévention Spécialisée.  </strong>. Concomitamment, une <strong>Pension de Famille</strong> a été créée.</p>
<p><strong>En 2013</strong>, l’association a obtenu <strong>l’habilitation CAARUD</strong>. Cette habilitation  nécessite une réorientation de l’action permettant de répondre aux missions du CAARUD et de maintenir un accueil polyvalent pour les personnes en précarité mais n’entrant pas dans les publics spécifiques à ce nouvel établissement. <strong>Fin 2015</strong>, le CAARUD a étendu son action sur le GARD RHODANIEN et est devenu<strong> CAARUD Mobile</strong>.</p>
<p>L’association a été habilitée le <strong>8 septembre 2015 comme Accueil de Jour et Service d’Accueil, d’Orientation et d’Accompagnement (SAOA)</strong> par la Direction Départementale de la Cohésion Sociale.</p>
<p><strong>En fin 2016</strong>, l’association a mis en œuvre un <strong>dispositif d’hébergement d’urgence des personnes victimes de violence intrafamiliale</strong>.</p>
<p><strong>En 2017</strong>, l’association a été habilitée pour gérer un dispositif <strong>d’Intermédiation Locative sur le territoire</strong> du Gard Rhodanien.</p>
<p>&nbsp;</p>

<p>L’association Riposte a œuvré dès sa création en 1995 à participer à la réduction des risques envers les usagers de drogues. Constituée en réseau, elle est née à l’initiative de médecins généralistes confrontés à un public toxicomane par le biais des prescriptions de traitements de substitution. L’association a rassemblé divers professionnels du champ du médico-social &hellip; </p>
<p class="link-more"><a href="https://asso-riposte.fr/index.php/association/son-histoire/" class="more-link">Continuer la lecture<span class="screen-reader-text"> de &laquo;&nbsp;Son histoire&nbsp;&raquo;</span></a></p>
