{"id":99,"date":"2017-02-03T18:46:31","date_gmt":"2017-02-03T17:46:31","guid":{"rendered":"http:\/\/asso-riposte.fr\/?page_id=99"},"modified":"2022-09-06T16:08:56","modified_gmt":"2022-09-06T14:08:56","slug":"nous-rejoindre","status":"publish","type":"page","link":"https:\/\/asso-riposte.fr\/index.php\/nous-rejoindre\/","title":{"rendered":"Nous rejoindre"},"content":{"rendered":"<h2>OFFRES D&rsquo;EMPLOI<\/h2>\n<p><a href=\"https:\/\/candidat.pole-emploi.fr\/offres\/recherche\/detail\/139GFYG\" target=\"_blank\" rel=\"noopener noreferrer\">\u00c9ducateur sp\u00e9cialis\u00e9 \/ \u00c9ducatrice sp\u00e9cialis\u00e9e (H\/F) en CDI<\/a><\/p>\n<p><a href=\"https:\/\/candidat.pole-emploi.fr\/offres\/recherche\/detail\/139GFWN\" target=\"_blank\" rel=\"noopener noreferrer\">\u00c9ducateur sp\u00e9cialis\u00e9 \/ \u00c9ducatrice sp\u00e9cialis\u00e9e (H\/F) en CDD<\/a><\/p>\n<p>&nbsp;<\/p>\n<h2>CANDIDATURE SPONTAN\u00c9E<\/h2>\n<p>Nous vous donnons la possibilit\u00e9 de nous rejoindre en envoyant une candidature spontan\u00e9e accompagn\u00e9e d&rsquo;une lettre de motivation par email \u00e0 l&rsquo;adresse suivante :&nbsp;<a href=\"secretariat@asso-riposte.fr\">secretariat@asso-riposte.fr<\/a><\/p>\n<p>Nous vous garantissons la confidentialit\u00e9 de vos informations personnelles.<\/p>\n<p>Notre \u00e9quipe Ressources Humaines s&rsquo;engage \u00e0 vous informer de la suite donn\u00e9e \u00c3&nbsp; votre dossier dans les meilleurs d\u00e9lais<\/p>\n","protected":false},"excerpt":{"rendered":"<p>OFFRES D&rsquo;EMPLOI \u00c9ducateur sp\u00e9cialis\u00e9 \/ \u00c9ducatrice sp\u00e9cialis\u00e9e (H\/F) en CDI \u00c9ducateur sp\u00e9cialis\u00e9 \/ \u00c9ducatrice sp\u00e9cialis\u00e9e (H\/F) en CDD &nbsp; CANDIDATURE SPONTAN\u00c9E Nous vous donnons la possibilit\u00e9 de nous rejoindre en envoyant une candidature spontan\u00e9e accompagn\u00e9e d&rsquo;une lettre de motivation par email \u00e0 l&rsquo;adresse suivante :&nbsp;secretariat@asso-riposte.fr Nous vous garantissons la confidentialit\u00e9 de vos informations personnelles. Notre &hellip; <\/p>\n<p class=\"link-more\"><a href=\"https:\/\/asso-riposte.fr\/index.php\/nous-rejoindre\/\" class=\"more-link\">Continuer la lecture<span class=\"screen-reader-text\"> de &laquo;&nbsp;Nous rejoindre&nbsp;&raquo;<\/span><\/a><\/p>\n","protected":false},"author":1,"featured_media":0,"parent":0,"menu_order":0,"comment_status":"closed","ping_status":"closed","template":"","meta":{"footnotes":""},"class_list":["post-99","page","type-page","status-publish","hentry"],"_links":{"self":[{"href":"https:\/\/asso-riposte.fr\/index.php\/wp-json\/wp\/v2\/pages\/99","targetHints":{"allow":["GET"]}}],"collection":[{"href":"https:\/\/asso-riposte.fr\/index.php\/wp-json\/wp\/v2\/pages"}],"about":[{"href":"https:\/\/asso-riposte.fr\/index.php\/wp-json\/wp\/v2\/types\/page"}],"author":[{"embeddable":true,"href":"https:\/\/asso-riposte.fr\/index.php\/wp-json\/wp\/v2\/users\/1"}],"replies":[{"embeddable":true,"href":"https:\/\/asso-riposte.fr\/index.php\/wp-json\/wp\/v2\/comments?post=99"}],"version-history":[{"count":7,"href":"https:\/\/asso-riposte.fr\/index.php\/wp-json\/wp\/v2\/pages\/99\/revisions"}],"predecessor-version":[{"id":829,"href":"https:\/\/asso-riposte.fr\/index.php\/wp-json\/wp\/v2\/pages\/99\/revisions\/829"}],"wp:attachment":[{"href":"https:\/\/asso-riposte.fr\/index.php\/wp-json\/wp\/v2\/media?parent=99"}],"curies":[{"name":"wp","href":"https:\/\/api.w.org\/{rel}","templated":true}]}}